{"id":43,"date":"2025-02-20T01:27:54","date_gmt":"2025-02-20T01:27:54","guid":{"rendered":"https:\/\/clinicafisiohelse.com\/?page_id=43"},"modified":"2025-04-09T19:55:08","modified_gmt":"2025-04-10T01:55:08","slug":"home","status":"publish","type":"page","link":"https:\/\/clinicafisiohelse.com\/","title":{"rendered":"Home"},"content":{"rendered":"\n<div class=\"wp-block-cover alignfull is-light hestia-clear-top-padding\"><span aria-hidden=\"true\" class=\"wp-block-cover__background has-white-background-color has-background-dim-100 has-background-dim\"><\/span><div class=\"wp-block-cover__inner-container is-layout-flow wp-block-cover-is-layout-flow\">\n<h2 class=\"wp-block-heading has-text-align-center has-text-color\" style=\"color:#3c4858\">Servicios que ofrecemos&#8230;<\/h2>\n\n\n\n<div style=\"height:40px\" aria-hidden=\"true\" class=\"wp-block-spacer\"><\/div>\n\n\n\n<div class=\"wp-block-columns container is-layout-flex wp-container-core-columns-is-layout-28f84493 wp-block-columns-is-layout-flex\">\n<div class=\"wp-block-column is-layout-flow wp-block-column-is-layout-flow\"><div class=\"wp-block-image is-style-rounded\">\n<figure class=\"aligncenter size-full\"><img loading=\"lazy\" decoding=\"async\" width=\"1000\" height=\"667\" src=\"https:\/\/clinicafisiohelse.com\/wp-content\/uploads\/2025\/02\/LESIONES-TRAUMATOLOGICAS.jpg\" alt=\"\" class=\"wp-image-62\" srcset=\"https:\/\/clinicafisiohelse.com\/wp-content\/uploads\/2025\/02\/LESIONES-TRAUMATOLOGICAS.jpg 1000w, https:\/\/clinicafisiohelse.com\/wp-content\/uploads\/2025\/02\/LESIONES-TRAUMATOLOGICAS-300x200.jpg 300w, https:\/\/clinicafisiohelse.com\/wp-content\/uploads\/2025\/02\/LESIONES-TRAUMATOLOGICAS-768x512.jpg 768w, https:\/\/clinicafisiohelse.com\/wp-content\/uploads\/2025\/02\/LESIONES-TRAUMATOLOGICAS-360x240.jpg 360w\" sizes=\"auto, (max-width: 1000px) 100vw, 1000px\" \/><\/figure>\n<\/div>\n\n\n<h5 class=\"wp-block-heading has-text-align-center has-text-color\" style=\"color:#3c4858;font-size:18px\"><strong>Lesiones Traumatol\u00f3gicas<\/strong><\/h5>\n\n\n\n<p class=\"has-text-align-center has-text-color\" style=\"color:#999999;font-size:14px\">Tratamos todo tipo de lesiones relacionadas con huesos, articulaciones y tejidos blandos causadas por accidentes, ca\u00eddas o cirug\u00edas. Nuestros tratamientos est\u00e1n enfocados en la rehabilitaci\u00f3n y recuperaci\u00f3n funcional, ayudando a que el paciente recupere su movilidad y calidad de vida de forma segura y efectiva.<\/p>\n\n\n\n<div style=\"height:25px\" aria-hidden=\"true\" class=\"wp-block-spacer\"><\/div>\n<\/div>\n\n\n\n<div class=\"wp-block-column is-layout-flow wp-block-column-is-layout-flow\"><div class=\"wp-block-image is-style-rounded\">\n<figure class=\"aligncenter size-full\"><img loading=\"lazy\" decoding=\"async\" width=\"600\" height=\"400\" src=\"https:\/\/clinicafisiohelse.com\/wp-content\/uploads\/2025\/02\/LESIONES-NEUROMUSCULARES.jpg\" alt=\"\" class=\"wp-image-61\" srcset=\"https:\/\/clinicafisiohelse.com\/wp-content\/uploads\/2025\/02\/LESIONES-NEUROMUSCULARES.jpg 600w, https:\/\/clinicafisiohelse.com\/wp-content\/uploads\/2025\/02\/LESIONES-NEUROMUSCULARES-300x200.jpg 300w, https:\/\/clinicafisiohelse.com\/wp-content\/uploads\/2025\/02\/LESIONES-NEUROMUSCULARES-360x240.jpg 360w\" sizes=\"auto, (max-width: 600px) 100vw, 600px\" \/><\/figure>\n<\/div>\n\n\n<h5 class=\"wp-block-heading has-text-align-center has-text-color\" style=\"color:#3c4858;font-size:18px\"><strong>Lesiones Neuromusculares<\/strong><\/h5>\n\n\n\n<p class=\"has-text-align-center has-text-color\" style=\"color:#999999;font-size:14px\">Ofrecemos tratamiento especializado para lesiones que afectan el sistema nervioso y muscular, como problemas derivados de hernias discales, lesiones medulares o trastornos neurol\u00f3gicos. Usamos t\u00e9cnicas avanzadas para reducir el dolor, mejorar la movilidad y restaurar la funci\u00f3n motora.<\/p>\n\n\n\n<div style=\"height:25px\" aria-hidden=\"true\" class=\"wp-block-spacer\"><\/div>\n<\/div>\n\n\n\n<div class=\"wp-block-column is-layout-flow wp-block-column-is-layout-flow\"><div class=\"wp-block-image is-style-rounded\">\n<figure class=\"aligncenter size-full\"><img loading=\"lazy\" decoding=\"async\" width=\"612\" height=\"408\" src=\"https:\/\/clinicafisiohelse.com\/wp-content\/uploads\/2025\/02\/LESIONES-DEPORTIVAS.jpg\" alt=\"\" class=\"wp-image-60\" srcset=\"https:\/\/clinicafisiohelse.com\/wp-content\/uploads\/2025\/02\/LESIONES-DEPORTIVAS.jpg 612w, https:\/\/clinicafisiohelse.com\/wp-content\/uploads\/2025\/02\/LESIONES-DEPORTIVAS-300x200.jpg 300w, https:\/\/clinicafisiohelse.com\/wp-content\/uploads\/2025\/02\/LESIONES-DEPORTIVAS-360x240.jpg 360w\" sizes=\"auto, (max-width: 612px) 100vw, 612px\" \/><\/figure>\n<\/div>\n\n\n<h5 class=\"wp-block-heading has-text-align-center has-text-color\" style=\"color:#3c4858;font-size:18px\"><strong>Lesiones Deportivas<\/strong><\/h5>\n\n\n\n<p class=\"has-text-align-center has-text-color\" style=\"color:#999999;font-size:14px\">Brindamos fisioterapia especializada para la rehabilitaci\u00f3n de lesiones deportivas, desde esguinces hasta desgarros musculares. Trabajamos con atletas de todos los niveles para recuperar la funcionalidad y prevenir futuras lesiones a trav\u00e9s de programas personalizados de rehabilitaci\u00f3n y fortalecimiento.<\/p>\n\n\n\n<div style=\"height:25px\" aria-hidden=\"true\" class=\"wp-block-spacer\"><\/div>\n<\/div>\n<\/div>\n\n\n\n<div style=\"height:40px\" aria-hidden=\"true\" class=\"wp-block-spacer\"><\/div>\n<\/div><\/div>\n\n\n\n<div class=\"wp-block-columns container is-layout-flex wp-container-core-columns-is-layout-28f84493 wp-block-columns-is-layout-flex\">\n<div class=\"wp-block-column col-md-5 is-layout-flow wp-block-column-is-layout-flow\">\n<div style=\"height:55px\" aria-hidden=\"true\" class=\"wp-block-spacer\"><\/div>\n\n\n\n<h2 class=\"wp-block-heading\">\u00bfQui\u00e9nes somos?<\/h2>\n\n\n\n<p>En <strong>Fisio-Helse<\/strong>, somos un equipo de fisioterapeutas altamente capacitados y apasionados por ayudar a nuestros pacientes a recuperar su bienestar f\u00edsico. Nos especializamos en proporcionar tratamientos de fisioterapia personalizados para una variedad de condiciones, desde lesiones deportivas hasta trastornos neuromusculares y traumatol\u00f3gicos. Nuestra misi\u00f3n es mejorar tu calidad de vida a trav\u00e9s de la rehabilitaci\u00f3n, el cuidado integral y el acompa\u00f1amiento continuo.<\/p>\n<\/div>\n\n\n\n<div class=\"wp-block-column col-md-6 col-md-offset1 is-layout-flow wp-block-column-is-layout-flow\">\n<div style=\"height:55px\" aria-hidden=\"true\" class=\"wp-block-spacer\"><\/div>\n\n\n<div class=\"wp-block-image is-style-rounded wp-duotone-unset-1\">\n<figure class=\"aligncenter size-large\"><img loading=\"lazy\" decoding=\"async\" width=\"1083\" height=\"812\" src=\"https:\/\/clinicafisiohelse.com\/wp-content\/uploads\/2025\/04\/WhatsApp-Image-2025-02-19-at-8.30.43-PM-edited.jpeg\" alt=\"\" class=\"wp-image-228\" srcset=\"https:\/\/clinicafisiohelse.com\/wp-content\/uploads\/2025\/04\/WhatsApp-Image-2025-02-19-at-8.30.43-PM-edited.jpeg 1083w, https:\/\/clinicafisiohelse.com\/wp-content\/uploads\/2025\/04\/WhatsApp-Image-2025-02-19-at-8.30.43-PM-edited-300x225.jpeg 300w, https:\/\/clinicafisiohelse.com\/wp-content\/uploads\/2025\/04\/WhatsApp-Image-2025-02-19-at-8.30.43-PM-edited-1024x768.jpeg 1024w, https:\/\/clinicafisiohelse.com\/wp-content\/uploads\/2025\/04\/WhatsApp-Image-2025-02-19-at-8.30.43-PM-edited-768x576.jpeg 768w\" sizes=\"auto, (max-width: 1083px) 100vw, 1083px\" \/><\/figure>\n<\/div>\n\n\n<p><\/p>\n<\/div>\n<\/div>\n","protected":false},"excerpt":{"rendered":"<p>\u00bfQui\u00e9nes somos? En Fisio-Helse, somos un equipo de fisioterapeutas altamente capacitados y apasionados por ayudar a nuestros pacientes a recuperar su bienestar f\u00edsico. Nos especializamos en proporcionar tratamientos de fisioterapia personalizados para una variedad de condiciones, desde lesiones deportivas hasta trastornos neuromusculares y traumatol\u00f3gicos. Nuestra misi\u00f3n es mejorar tu calidad [&hellip;]<\/p>\n","protected":false},"author":1,"featured_media":48,"parent":0,"menu_order":0,"comment_status":"closed","ping_status":"closed","template":"","meta":{"_themeisle_gutenberg_block_has_review":false,"footnotes":""},"class_list":["post-43","page","type-page","status-publish","has-post-thumbnail","hentry"],"_links":{"self":[{"href":"https:\/\/clinicafisiohelse.com\/index.php?rest_route=\/wp\/v2\/pages\/43","targetHints":{"allow":["GET"]}}],"collection":[{"href":"https:\/\/clinicafisiohelse.com\/index.php?rest_route=\/wp\/v2\/pages"}],"about":[{"href":"https:\/\/clinicafisiohelse.com\/index.php?rest_route=\/wp\/v2\/types\/page"}],"author":[{"embeddable":true,"href":"https:\/\/clinicafisiohelse.com\/index.php?rest_route=\/wp\/v2\/users\/1"}],"replies":[{"embeddable":true,"href":"https:\/\/clinicafisiohelse.com\/index.php?rest_route=%2Fwp%2Fv2%2Fcomments&post=43"}],"version-history":[{"count":10,"href":"https:\/\/clinicafisiohelse.com\/index.php?rest_route=\/wp\/v2\/pages\/43\/revisions"}],"predecessor-version":[{"id":231,"href":"https:\/\/clinicafisiohelse.com\/index.php?rest_route=\/wp\/v2\/pages\/43\/revisions\/231"}],"wp:featuredmedia":[{"embeddable":true,"href":"https:\/\/clinicafisiohelse.com\/index.php?rest_route=\/wp\/v2\/media\/48"}],"wp:attachment":[{"href":"https:\/\/clinicafisiohelse.com\/index.php?rest_route=%2Fwp%2Fv2%2Fmedia&parent=43"}],"curies":[{"name":"wp","href":"https:\/\/api.w.org\/{rel}","templated":true}]}}